6
Let w be (-217)/42 + 4 + (-1)/(-6). Let b be (-19 + 18)*9*w. Calculate the greatest common factor of 21 and b.
3
Let n(z) = 324*z + 10. Let a be n(-7). Let h = a - -3743. Suppose 6*k - 11*k + h = 0. What is the greatest common divisor of 27 and k?
27
Suppose -336090 = -381*k + 301*k - 579*k. What is the greatest common divisor of k and 4794?
102
Suppose -2*u = -2*g - 32, 5*u + g - 3*g - 80 = 0. Suppose u*t = 13*t, 4*v - t = 1204. Calculate the greatest common divisor of 43 and v.
43
Let p(t) = -4*t**2 - 125*t - 17. Let o(z) = 2*z - 47. Let h be o(8). Let d be p(h). Let w = 36 - 15. What is the greatest common divisor of w and d?
7
Let h(t) = 2*t**2 - 5*t + 5. Let n be h(2). Suppose 496 = n*s + 5*s. Suppose 64*y = s*y + 40. Calculate the highest common factor of y and 50.
10
Let q = -718 - -670. Let h(b) = b**3 + 7*b**2 + 7*b + 4. Let c be h(-6). Let s be (-4)/(q/(-26) + c). What is the highest common divisor of s and 260?
26
Let f = 3484 - 1810. Suppose -f = -20*z + 11*z. What is the greatest common factor of 248 and z?
62
Let b(o) = o**3 + 2*o**2 - 4*o + 1. Let z be b(-3). Let q be 0*z/(-12) - -12. What is the highest common divisor of q and 8?
4
Suppose 143 + 8047 = 45*g. What is the highest common factor of g and 26?
26
Suppose 0 = -20*n + 23*n - 84. Let p(k) = -2*k + 222. Let h be p(34). What is the greatest common factor of h and n?
14
Let l(c) = 5*c**2 - 9*c - 25. Let z be l(-4). Let w = -1 - -8. Calculate the greatest common factor of w and z.
7
Suppose 8*h = 3*h + 390. Suppose 2*i + 2*p - h = -3*i, 90 = 5*i + 5*p. Let s be i/(-91) - 93/(-13). What is the greatest common factor of s and 7?
7
Suppose 54672 = 223*k - 87*k. What is the highest common factor of k and 192?
6
Let m = -14890 + 22369. Calculate the highest common divisor of 216 and m.
27
Let k = 4033 - 3918. What is the highest common factor of 1035 and k?
115
Suppose 18*n + 468 = 30*n. Let j = 67 - n. Calculate the greatest common factor of 7 and j.
7
Let g = -809 + 811. Suppose -567 = -g*x + 193. Calculate the greatest common factor of x and 38.
38
Suppose 233*u = -2*c + 234*u + 39, 2*u = -c + 12. Let o = 9 + -2. Let k be (2/o)/(3/21). What is the greatest common divisor of c and k?
2
Suppose -2*p + 4*q = -21 + 9, -42 = -3*p + 2*q. What is the greatest common factor of p and 444?
6
Let w be ((-1)/3)/((-2)/222). Let d be 25/100 + (-1)/4. Suppose 207*o - 214*o + 2331 = d. Calculate the highest common divisor of w and o.
37
Let t = 5 + -2. Suppose t*f + 4*d = -20, -2*d = -5*f + 2*d + 20. Suppose -5*s + 165 + 245 = f. Calculate the greatest common factor of 41 and s.
41
Suppose 7*d + 72 = d. Let g(q) = q**3 + 16*q**2 + 50*q + 28. Let x be g(d). Suppose b - 160 = -3*b. Calculate the greatest common factor of x and b.
4
Let c = 152 - 95. Suppose c*m - 54*m - 24 = 0. Suppose 3*g = 3*f + 36, 4*g + 0*g - 5*f - 52 = 0. What is the highest common divisor of m and g?
8
Let r be ((-8)/20)/(8/(-60)). Suppose m - 9*h - 506 = -7*h, 0 = -h - r. Calculate the highest common factor of m and 20.
20
Let b be (-4206)/(-8) + (-42)/24 + 1. Let s = b + -428. Calculate the highest common divisor of s and 679.
97
Suppose -n - 22 = i, -i + 6*n = 3*n + 42. Let g be -3*2223/i - (0 - -5). Calculate the highest common divisor of g and 847.
121
Let x = 238 - -347. Suppose 4*p + 5*b - x = 0, -680 = -0*p - 5*p + 4*b. Calculate the highest common divisor of 35 and p.
35
Let g(p) be the third derivative of p**6/120 - 11*p**5/20 + 21*p**4/8 + 32*p**3/3 + 198*p**2. Let l be g(31). Calculate the highest common factor of l and 285.
95
Let k(w) = -w**3 + 65*w**2 - 121*w - 49. Let x be k(63). Calculate the highest common factor of x and 154.
14
Let p be (-7736)/(-44) - (-6)/33. Suppose -122*m = -27431 + 11327. Calculate the greatest common divisor of m and p.
44
Let b(x) = x**2 + 17*x - 8*x - 21*x + 6*x - 13. Let j be 0 + -2 - 12/(-1). Let w be b(j). What is the highest common divisor of w and 216?
27
Let n(r) = 7*r**2 + 4*r + 8. Let l = -364 - -360. Let b be n(l). Suppose -4*q + 39 = -q. What is the greatest common divisor of b and q?
13
Suppose -139 + 153 = 2*b. Suppose b*w + 2*w - 1638 = 0. Let r(a) = a**2 + 26. Let j be r(0). What is the greatest common factor of w and j?
26
Let j be 6/39 - 30/26. Let i be (-589)/38 + 5/2 + j. Let c = 4 - i. Calculate the greatest common factor of 144 and c.
18
Let v = 5 + -1. Suppose -2*x + 11 = 4*c - 25, -v*x = 2*c - 18. Suppose c*o = 6*o + 27. Calculate the highest common factor of o and 54.
9
Suppose -18112 = 22*d - 24*d + 16*v, 5*v - 27284 = -3*d. What is the greatest common factor of 213 and d?
71
Suppose 4*m + 23*x - 26*x - 1055 = 0, 3*m - 786 = 4*x. Suppose -5*d - 9*d = -m. What is the greatest common factor of d and 171?
19
Let f(j) = 39*j - 158. Let w be f(7). What is the highest common factor of 2392 and w?
23
Let j(h) = 1264*h - 2448. Let q be j(2). What is the highest common factor of 3280 and q?
80
Suppose 23*n + 131 = 471 + 810. What is the greatest common factor of 830 and n?
10
Let i(k) = 6*k**2 - 2. Let b be i(2). Suppose 186 = -20*t + b*t + 3*q, 0 = -5*t + 4*q + 488. Calculate the greatest common factor of t and 3.
3
Let a(i) = 3*i - 168 + i + 9*i - 8*i + 6*i. Let k be a(16). Calculate the greatest common divisor of k and 392.
8
Suppose 2*r = 2*x - 118, -x + 45*r + 52 = 43*r. What is the greatest common divisor of 297 and x?
33
Suppose 2*r = 2*q + 452, -7*q + 5*q = -10. Let h = 198 - 132. What is the greatest common divisor of h and r?
33
Let j be (-1 - -3)/6 + 2838/18. Suppose j*z - 159*z = -12. What is the highest common divisor of 300 and z?
12
Suppose -3*p - 34*y = -33*y - 18313, p - 6107 = y. Calculate the greatest common factor of 1155 and p.
165
Suppose -1 + 22 = p. Let a be -14*(-17)/(85/10). What is the greatest common factor of p and a?
7
Suppose -5*j = 5*o - 35, 15*o - 10*o = -2*j - 1. What is the greatest common factor of 558 and j?
6
Suppose 2*t + 2973 = 2*z + 2891, -z + 2*t = -49. Calculate the highest common factor of z and 17809.
11
Suppose 50 + 6 = -27*o - o. Let d(h) be the first derivative of 5*h**3/3 + 2*h**2 + 3*h + 1. Let q be d(o). Calculate the greatest common divisor of 6 and q.
3
Let j(b) be the first derivative of 5*b**2/2 + 49*b + 207. Let d be j(-8). Let q(o) = 12*o. Let h be q(6). Calculate the highest common divisor of h and d.
9
Let s(t) = -3*t**2 + 25*t + 21. Let f be s(9). Suppose n + 82 = h, f*n = 5*h + n - 404. What is the greatest common divisor of 48 and h?
16
Let b(m) = 2 + 4403*m - 18*m**3 - 4403*m - 2*m**2. Let p be b(-1). Suppose -4*z - h + 1 = -26, 5*h = -5*z + 45. What is the greatest common divisor of z and p?
6
Let w = -8094 + 8192. What is the greatest common divisor of 12593 and w?
49
Suppose -y - 32 = y. Let q(p) = p**2 + 9*p - 10. Let v be q(y). Suppose 2*j + v + 64 = 5*x, 0 = -x + 5*j + 47. What is the greatest common divisor of x and 80?
16
Suppose -5*h = -4*h - 29. Suppose -2*y = 2*t - 0*t - 512, -3*t + 1282 = 5*y. Suppose 5*c - y - 33 = 0. What is the greatest common factor of h and c?
29
Suppose 40*b - 45*b + 2*f = -1137, 0 = -4*b + f + 912. What is the highest common factor of b and 2061?
229
Suppose 0 = -17*o + 16*o - 687. Let f = 798 + o. Calculate the greatest common divisor of f and 37.
37
Let h(v) be the first derivative of -3*v**2 + 104*v + 50. Let f be h(15). What is the greatest common divisor of f and 518?
14
Let g be (-11 + (-6)/(-2))/(56/(-1540)). What is the highest common divisor of 88 and g?
44
Let i = 221 - 222. Let p be (-2)/(-14) - (-1131)/(-21)*i. Calculate the greatest common divisor of p and 297.
27
Let p be ((-69)/(-4))/((-81)/(-324)). Let o = p + -27. Calculate the greatest common divisor of 168 and o.
42
Let m be (-8)/4*-1 - 0/5. Suppose -13*s - 2 = -m. Suppose -2*v + 4*o + s*o = -122, 250 = 4*v - 5*o. What is the highest common factor of 26 and v?
13
Suppose 5*a = 2*t - 11025, a + 10 - 5 = 0. Calculate the greatest common factor of t and 44.
44
Let u be (223/2)/((-6)/36*-3). Let c = 633 - u. What is the greatest common divisor of 10 and c?
10
Let k be (-21)/(-2 - 2/(-4)). Let f be ((-1284)/(-7) - 3) + (-6)/14. Let y be (f/120)/(-2*(-6)/1232). What is the greatest common divisor of k and y?
14
Let l = 259 + -485. Let d = l - 20. Let a be (-2)/6 - d/9. What is the greatest commo